is the tens digit of 1541982502?
0
What is the tens digit of 5739910755?
5
What is the hundreds digit of 2167515815?
8
What is the hundred thousands digit of 16854496?
8
What is the tens digit of 90093334?
3
What is the tens digit of 57668718?
1
What is the hundreds digit of 63351744?
7
What is the millions digit of 1381627267?
1
What is the ten thousands digit of 84624888?
2
What is the tens digit of 68135082?
8
What is the hundred thousands digit of 38990063?
9
What is the thousands digit of 84714423?
4
What is the millions digit of 63629366?
3
What is the hundreds digit of 344572557?
5
What is the tens digit of 257036358?
5
What is the ten thousands digit of 35241072?
4
What is the ten thousands digit of 401982211?
8
What is the millions digit of 247922058?
7
What is the thousands digit of 1379141370?
1
What is the ten thousands digit of 63299771?
9
What is the hundreds digit of 695484694?
6
What is the hundred millions digit of 224788380?
2
What is the tens digit of 222913311?
1
What is the hundred thousands digit of 112172899?
1
What is the thousands digit of 98272242?
2
What is the thousands digit of 1700842?
0
What is the millions digit of 154029128?
4
What is the hundreds digit of 1939810008?
0
What is the tens digit of 116797234?
3
What is the hundred thousands digit of 333928799?
9
What is the units digit of 311044411?
1
What is the millions digit of 698025674?
8
What is the units digit of 71921621?
1
What is the hundred millions digit of 221665058?
2
What is the ten thousands digit of 110632119?
3
What is the millions digit of 88364632?
8
What is the units digit of 51511417?
7
What is the hundreds digit of 1811596734?
7
What is the millions digit of 451878729?
1
What is the hundreds digit of 377971069?
0
What is the hundreds digit of 1086803906?
9
What is the ten thousands digit of 142458333?
5
What is the ten millions digit of 150385717?
5
What is the millions digit of 33452940?
3
What is the hundred thousands digit of 124017424?
0
What is the units digit of 762924799?
9
What is the units digit of 1318889064?
4
What is the millions digit of 242192490?
2
What is the hundred thousands digit of 242939886?
9
What is the thousands digit of 2393603141?
3
What is the millions digit of 51947881?
1
What is the units digit of 6565952?
2
What is the tens digit of 133477560?
6
What is the thousands digit of 311394206?
4
What is the hundred millions digit of 595654757?
5
What is the ten thousands digit of 55708117?
0
What is the units digit of 7182799563?
3
What is the tens digit of 468649657?
5
What is the units digit of 1803512327?
7
What is the hundreds digit of 4197338788?
7
What is the ten thousands digit of 3300804?
0
What is the hundred thousands digit of 1611260738?
2
What is the hundred millions digit of 3779902893?
7
What is the thousands digit of 154123569?
3
What is the hundred millions digit of 426174526?
4
What is the hundred millions digit of 370063381?
3
What is the units digit of 308266028?
8
What is the units digit of 95385515?
5
What is the hundreds digit of 2265797069?
0
What is the hundred millions digit of 2848716689?
8
What is the thousands digit of 705046?
5
What is the ten thousands digit of 2845468323?
6
What is the ten millions digit of 3121364013?
2
What is the ten thousands digit of 6007130190?
3
What is the thousands digit of 4753106760?
6
What is the millions digit of 6749494?
6
What is the millions digit of 181156309?
1
What is the hundreds digit of 32441186?
1
What is the millions digit of 200084963?
0
What is the hundred thousands digit of 521263105?
2
What is the billions digit of 2698535641?
2
What is the hundred thousands digit of 52260737?
2
What is the ten thousands digit of 194777572?
7
What is the tens digit of 2063145950?
5
What is the thousands digit of 2007045630?
5
What is the ten millions digit of 952209793?
5
What is the hundred millions digit of 297273036?
2
What is the millions digit of 40297433?
0
What is the thousands digit of 122186126?
6
What is the hundred thousands digit of 54863036?
8
What is the ten millions digit of 81039069?
8
What is the millions digit of 45296082?
5
What is the ten thousands digit of 938553583?
5
What is the millions digit of 936655631?
6
What is the millions digit of 990606379?
0
What is the millions digit of 36130615?
6
What is the hundreds digit of 1834234530?
5
What is the tens digit of 68489932?
3
What is the hundreds digit of 1458566838?
8
What is the tens digit of 20154325?
2
What is the hundred millions digit of 3615308865?
6
What is the hundreds digit of 4314238400?
4
What is the ten millions digit of 93297639?
9
What is the tens digit of 58858178?
7
What is the ten thousands digit of 134614833?
1
What is the thousands digit of 9287452?
7
What is the ten thousands digit of 22100864?
0
What is the ten thousands digit of 1252549343?
4
What is the hundred thousands digit of 5759902168?
9
What is the hundred millions digit of 775867124?
7
What is the ten millions digit of 182618948?
8
What is the ten millions digit of 779867794?
7
What is the millions digit of 469872176?
9
What is the thousands digit of 8128175?
8
What is the units digit of 33569159?
9
What is the hundreds digit of 635264016?
0
What is the units digit of 1997788044?
4
What is the ten millions digit of 2299738928?
9
What is the hundreds digit of 854107313?
3
What is the ten thousands digit of 18757170?
5
What is the tens digit of 188549498?
9
What is the ten thousands digit of 3317385076?
8
What is the tens digit of 86656617?
1
What is the hundred millions digit of 1074097577?
0
What is the tens digit of 36431195?
9
What is the hundred millions digit of 649897115?
6
What is the tens digit of 615600650?
5
What is the ten thousands digit of 16302645?
0
What is the ten thousands digit of 476044?
7
What is the billions digit of 3720584086?
3
What is the thousands digit of 606176852?
6
What is the hundreds digit of 222554628?
6
What is the millions digit of 5291591781?
1
What is the tens digit of 700620519?
1
What is the tens digit of 70918927?
2
What is the hundred thousands digit of 48142135?
1
What is the tens digit of 78824450?
5
What is the ten millions digit of 37907207?
3
What is the tens digit of 359906982?
8
What is the hundred thousands digit of 13025517?
0
What is the ten thousands digit of 1542462516?
6
What is the hundreds digit of 137752215?
2
What is the ten thousands digit of 125636351?
3
What is the units digit of 6582920042?
2
What is the millions digit of 5268589777?
8
What is the hundred thousands digit of 1077899696?
8
What is the thousands digit of 7940900053?
0
What is the ten millions digit of 2799672503?
9
What is the units digit of 299230570?
0
What is the ten millions digit of 583674255?
8
What is the millions digit of 153193596?
3
What is the ten millions digit of 373790024?
7
What is the billions digit of 6573498205?
6
What is the millions digit of 203975053?
3
What is the hundred millions digit of 1262847187?
2
What is the tens digit of 457484234?
3
What is the millions digit of 664758562?
4
What is the ten millions digit of 2989410715?
8
What is the ten millions digit of 256495952?
5
What is the hundreds digit of 878778412?
4
What is the ten millions digit of 738457716?
3
What is the thousands digit of 25914908?
4
What is the hundreds digit of 520276819?
8
What is the millions digit of 34949044?
4
What is the ten millions digit of 20801620?
2
What is the hundreds digit of 1025138125?
1
What is the hundred thousands digit of 1430886591?
8
What is the hundreds digit of 758436845?
8
What is the hundred millions digit of 603374317?
6
What is the ten millions digit of 82819557?
8
What is the tens digit of 9451426039?
3
What is the millions digit of 2372707584?
2
What is the millions digit of 422761467?
2
What is the hundred thousands digit of 1744938812?
9
What is the thousands digit of 39571193?
1
What is the millions digit of 480120256?
0
What is the ten millions digit of 2264212056?
6
What is the hundred millions digit of 442247680?
4
What is the tens digit of 248934323?
2
What is the thousands digit of 7060937?
0
What is the ten thousands digit of 639325697?
2
What is the hundreds digit of 64361042?
0
What is the ten thousands digit of 1460496705?
9
What is the hundre